, what is -14 - -14?
0
In base 12, what is -106 - -4a?
-78
In base 6, what is 4320 - -11?
4331
In base 2, what is 100111 + -1?
100110
In base 7, what is -221 - 35?
-256
In base 16, what is -3ce + 5?
-3c9
In base 14, what is 130 - -2?
132
In base 3, what is -11 + 1012?
1001
In base 15, what is -9 + 15?
b
In base 6, what is 0 + -31?
-31
In base 16, what is -f + -10?
-1f
In base 12, what is -1 - 327b?
-3280
In base 14, what is 12 + 1a?
2c
In base 16, what is -34 + -14?
-48
In base 15, what is -211 - 4?
-215
In base 5, what is -2 - -12?
10
In base 5, what is 200 + 40?
240
In base 15, what is 7 + 1078?
1080
In base 6, what is 305 + 1?
310
In base 12, what is 5 + 22?
27
In base 6, what is 1 - 1121?
-1120
In base 2, what is 11 - 110000?
-101101
In base 8, what is 4 - 240?
-234
In base 12, what is -2 - -259?
257
In base 15, what is 484 - 4?
480
In base 12, what is 6928 - 2?
6926
In base 13, what is 6 - 7a0?
-797
In base 16, what is -15 + -cf?
-e4
In base 4, what is 1230210 - -1?
1230211
In base 2, what is 1 - 10100?
-10011
In base 9, what is 3883 + 4?
3887
In base 13, what is 6a9 + 3?
6ac
In base 9, what is -61 + -5?
-66
In base 15, what is -4 - 3?
-7
In base 14, what is -52 + -1c?
-70
In base 8, what is 4 - -104?
110
In base 11, what is 7 - -1?
8
In base 4, what is 122222 + -2?
122220
In base 14, what is 15 - -14?
29
In base 4, what is 2 - 120201?
-120133
In base 7, what is 305 + 141?
446
In base 2, what is 110110011 - -10001?
111000100
In base 16, what is -4 - -8?
4
In base 4, what is 1 - 100233?
-100232
In base 5, what is 432 - -12?
444
In base 15, what is 3 - 8e?
-8b
In base 9, what is -36 + -3?
-40
In base 8, what is 32 + -471?
-437
In base 7, what is 21 + -16?
2
In base 14, what is -1 + 14?
13
In base 4, what is -11 + 301?
230
In base 2, what is -111101 + -1011000?
-10010101
In base 16, what is -fb5 - 5?
-fba
In base 4, what is 1201 - -22?
1223
In base 11, what is -35 + -3a4?
-429
In base 4, what is 11 + 230132?
230203
In base 6, what is 0 + 303?
303
In base 5, what is 12 + -2213?
-2201
In base 5, what is 13 + -134?
-121
In base 5, what is 1143 + -3?
1140
In base 14, what is -21 - 20?
-41
In base 10, what is -866 - -5?
-861
In base 4, what is 33222 - -30?
33312
In base 3, what is -2210002 + -12?
-2210021
In base 9, what is -17 + -37?
-55
In base 16, what is 1cd + -3?
1ca
In base 10, what is -344 + 3?
-341
In base 4, what is -201023 - -2?
-201021
In base 6, what is 52 - 2?
50
In base 5, what is -3201 + -2?
-3203
In base 14, what is 3 + 295?
298
In base 11, what is -2 - 2973?
-2975
In base 7, what is -5 - -355?
350
In base 8, what is 2 + -1453?
-1451
In base 4, what is 12 + 1311?
1323
In base 7, what is 13 + -10?
3
In base 9, what is 5 + -255?
-250
In base 10, what is 2 + 1921?
1923
In base 6, what is 5 + -2332?
-2323
In base 4, what is -1 - 1203?
-1210
In base 13, what is -2533 - -4?
-252c
In base 2, what is -1100110 + -11?
-1101001
In base 3, what is -2102 + 2101?
-1
In base 3, what is 10 + 2100?
2110
In base 11, what is 23 + -6?
18
In base 7, what is -4122 - 1?
-4123
In base 15, what is -12 + 5?
-c
In base 5, what is -33 - -11414?
11331
In base 15, what is 3 + -49?
-46
In base 6, what is 13342 - 10?
13332
In base 6, what is 145 - -3?
152
In base 6, what is 3544 + 10?
3554
In base 2, what is -11 - 110000010?
-110000101
In base 7, what is -4 + -21?
-25
In base 8, what is 225 + 0?
225
In base 7, what is 2 + 1303?
1305
In base 16, what is bc8 + -2?
bc6
In base 9, what is 102 - 45?
46
In base 16, what is -4 - -126?
122
In base 7, what is 364 + -12?
352
In base 9, what is -1206 - -3?
-1203
In base 11, what is -3 + -448?
-450
In base 3, what is -11 + 102?
21
In base 16, what is 8 + -8e1?
-8d9
In base 9, what is 15405 - 4?
15401
In base 7, what is -2213 + -5?
-2221
In base 9, what is 88 - 148?
-50
In base 16, what is -6 - -36d?
367
In base 7, what is 5 + 141?
146
In base 4, what is -222 - -132?
-30
In base 16, what is 5 - 6d8?
-6d3
In base 15, what is -20 + -6c?
-8c
In base 16, what is 2729 - -3?
272c
In base 16, what is 2 + a?
c
In base 11, what is 329 + -3?
326
In base 13, what is 1b87 - 1?
1b86
In base 16, what is 6 + -51?
-4b
In base 6, what is 35 + -4?
31
In base 6, what is 2 - 32021?
-32015
In base 8, what is 171 + 3?
174
In base 6, what is 2 - -404?
410
In base 14, what is 505 + -8?
4db
In base 10, what is 419 - 0?
419
In base 8, what is -472 - 4?
-476
In base 10, what is 23 + -21?
2
In base 8, what is 40 + 20?
60
In base 10, what is -9 - -56?
47
In base 9, what is -76 - 2?
-78
In base 16, what is -11 + -38?
-49
In base 7, what is 23 + -1?
22
In base 11, what is -17 - 5?
-21
In base 5, what is -24 - 22?
-101
In base 12, what is -3 + -6ba?
-701
In base 2, what is 10001111100110 + 1?
10001111100111
In base 2, what is 11 - 1001110000?
-1001101101
In base 12, what is 184 - b?
175
In base 16, what is 1e - b?
13
In base 6, what is 1 + -141?
-140
In base 10, what is 56 - 75?
-19
In base 13, what is -416 + 1?
-415
In base 2, what is -111000 + -101?
-111101
In base 16, what is -3 + 1d77?
1d74
In base 12, what is 4 - 65?
-61
In base 7, what is -110 + 22?
-55
In base 14, what is 1 + 1bb?
1bc
In base 12, what is -a6 - 0?
-a6
In base 3, what is -12 - 1202011?
-1202100
In base 14, what is d + -2a7?
-298
In base 2, what is 10000010 - 1011?
1110111
In base 15, what is 11 - -23?
34
In base 5, what is 13244 - 3?
13241
In base 5, what is -1140 - -10?
-1130
In base 10, what is -267 + -2?
-269
In base 6, what is -23 + -135?
-202
In base 15, what is 9 + 5?
e
In base 9, what is -4 - 22?
-26
In base 13, what is 5 + -7?
-2
In base 13, what is 10 - 0?
10
In base 14, what is -1 + 198a?
1989
In base 10, what is -1 - 231?
-232
In base 2, what is 10010110101 + -101?
10010110000
In base 12, what is 2979 - -2?
297b
In base 15, what is 7 + 2c?
34
In base 10, what is -1 + -75?
-76
In base 15, what is 2 + -105?
-103
In base 2, what is 0 - -1000001?
1000001
In base 2, what is -111000001 + -101?
-111000110
In base 15, what is a3 - -2?
a5
In base 6, what is 10 - -15?
25
In base 11, what is 567 + -7?
560
In base 10, what is 4 - 372?
-368
In base 13, what is 52 - 1?
51
In base 5, what is 11 + -1?
10
In base 13, what is 2a4 + 1?
2a5
In base 4, what is -2310 - -12?
-2232
In base 15, what is -6b + 0?
-6b
In base 7, what is 103 + -4?
66
In base 4, what is -12 + -200?
-212
In base 8, what is -35 + -3?
-40
In base 5, what is -10 - -2?
-3
In base 4, what is 11100 + -2?
11032
In base 10, what is -76 + -29?
-105
In base 4, what is 13321 - -22?
20003
In base 4, what is 1132111 - -11?
1132122
In base 6, what is -132 - -20?
-112
In base 8, what is -4 - -7?
3
In base 6, what is -3 - -300?
253
In base 14, what is -34 - -b6?
82
In base 15, what is -3 + b4?
b1
In base 11, what is 258 + 6?
263
In base 11, what is -67 + -5?
-71
In base 14, what is 4 - -a3?
a7
In base 14, what is 6 + 43?
49
In base 14, what is 2 + -1a?
-18
In base 9, what is -38 - -3?
-35
In base 10, what is -18 - -4?
-14
In base 4, what is -101 - -10?
-31
In base 15, what is 5 - -70?
75
In base 7, what is -5 - -20?
12
In base 16, what is 2a + b0?
da
In base 5, what is -2324 + -1?
-2330
In base 15, what is 222 + -3?
21e
In base 15, what is 5 - 17?
-12
In base 12, what is 1 + 857?
858
In base 9, what is -72 - -3?
-68
In base 5, what is -3 + 4324?
4321
In base 15, what is -2 - -8?
6
In base 7, what is 3 + 230?
233
In base 11, what is 40 - -66?
a6
In base 10, what is 197 - 5?
192
In base 11, what is -5004 + -5?
-5009
In base 16, what is 1 - cd?
-cc
In base 9, what is -56 + 46?
-10
In base 10, what is -4469 + -1?
-4470
In base 16, what is -3 - 8?
-b
In base 13, what is c6 + 7?
100
In base 9, what is 17 - 30?
-12
In base 7, what is -62 - -15?
-44
In base 5, what is -3 + -42314?
-42322
In base 14, what is -1 + a77?
a76
In base 13, what is 18 - -11?
29
In base 9, what is -61 + -3?
-64
In base 10, what is 4 + 42?
46
In base 3, what is -11110 - 2?
-11112
In base 13, what is -23 - 27?
-4a
In base 15, what is -1b + -5?
-21
In base 6, what is 241 + -2?
235
In base 14, what is 72 + -3?
6d
In base 10, what is 10503 + -3?
10500
In base 5, what is 10 + -1421?
-1411
In base 11, what is -a + 56?
47
In base 2, what is 100 - -11001?
11101
In base 5, what is 2143 - 3?
2140
In base 13, what is 6 - 40b?
-405
In base 14, what is 77 - a?
6b
In base 4, what